+ 63 = j - 9. Let n = d + 78. What is the greatest common factor of n and 22?
11
Let m(q) be the third derivative of -q**5/60 + 3*q**4/8 - 3*q**3/2 + 3*q**2. Let p be m(7). What is the greatest common divisor of 1 and p?
1
Let b = 4 - -132. Suppose 0 = -3*o - 2*x + 138, 53 = 4*o + x - b. What is the highest common factor of o and 12?
12
Suppose 4*k = 4*x + 64, 5*x + 22 = -k - 28. Let v(j) = -j. Let i be v(x). What is the greatest common divisor of i and 121?
11
Let x = 48 + -34. Let v(t) = -6*t + 8. Let w be v(-8). Calculate the greatest common divisor of x and w.
14
Let z(g) = 8*g**2 + g + 1. Let j be z(6). Let p = j + -151. Let l = -8 + 24. What is the highest common factor of p and l?
16
Let z(b) = -2*b**3 - 3*b**2 - b - 1. Let s be z(-2). Let l = s - 5. Suppose -4*h + 220 = -l*h. What is the highest common divisor of 11 and h?
11
Let m = -22 - -37. What is the greatest common divisor of m and 30?
15
Let i(q) = 2*q**2 + 2*q - 1. Let f = 5 + -7. Let n be i(f). What is the greatest common divisor of n and 6?
3
Let y = 33 + -15. What is the greatest common divisor of 63 and y?
9
Suppose 2*s = 4*q - 4, -4*s - 6 = -3*q - s. Suppose -x = -q*x - 70. Let d be 0 + 2 - (-27 - -1). What is the greatest common divisor of x and d?
14
Suppose 6 = g + 2*g. Suppose -5*u = 5, -b + 4*u + g = -2*b. Suppose m + m - b = 0. What is the greatest common divisor of 2 and m?
1
Suppose -37 = 2*h + 5*u - 102, -4*h = 4*u - 124. Let p(k) = 10*k. Let n be p(1). Calculate the greatest common factor of n and h.
10
Let p(l) = -l**2 + l + 7. Let s be p(0). Suppose -2*i = i. Let o = i + s. What is the highest common factor of o and 1?
1
Let q be 1/(-3)*(5 + -122). Let h = q + 9. Calculate the highest common divisor of h and 24.
24
Let c = -17 - -41. Let f(u) = -2*u + 7. Let r be f(3). Let p be -1 - 12/(r + -4). Calculate the highest common divisor of c and p.
3
Suppose -a + 16 = 4*n + 6, 11 = n - 4*a. Suppose -4*z = -y - 16, -n*z + 12 = 2*y + y. What is the greatest common factor of 8 and z?
4
Suppose 0 = -2*j + 4*h + 16, h = -4*h + 10. Let x be (j/(-2))/((-15)/20). What is the greatest common factor of x and 8?
8
Let t = -5 + 15. Let x = t - -20. Let w = 13 - 7. Calculate the greatest common divisor of w and x.
6
Let q = 93 - 248. Let u = -106 - q. What is the greatest common divisor of 7 and u?
7
Suppose 4*l - 16 + 0 = 2*t, -3*t + 3 = 3*l. Calculate the greatest common factor of 27 and l.
3
Let y = 17 - 15. Calculate the highest common divisor of 16 and y.
2
Suppose -4*w = -3*r + 276, -2*w + 5*w = 0. Calculate the greatest common divisor of r and 23.
23
Suppose -4*x = -5 - 51. Suppose -9*j + 28 = 5*j. Calculate the greatest common divisor of x and j.
2
Let f(x) = 2*x - 3. Let y be f(3). Suppose m - 4 = 0, -5*m + 49 = -4*a + 5. Let i = -5 - a. Calculate the greatest common factor of i and y.
1
Suppose 114 = -3*m - 3*b + 489, 0 = -2*m + b + 253. What is the greatest common divisor of 14 and m?
14
Suppose -4 = q - 1. Let f be 433/3 + 1/q. Suppose 4*x = -40 + f. What is the highest common divisor of x and 39?
13
Let o be 7/(-21) - 892/(-3). What is the greatest common factor of o and 27?
27
Suppose -3*h + h + 30 = 0. Suppose 30 = 2*n + 90. Let y be n*(33/(-6) + 0). Calculate the greatest common divisor of y and h.
15
Let d be 1/(2*3/30). Suppose 2*t = -3*t + 3*v + 79, 3*t = -d*v + 61. Calculate the highest common divisor of 17 and t.
17
Let c = -1 + 6. Suppose -440 = -c*m + 120. Let q be 2/(-3) + m/6. Calculate the highest common divisor of q and 144.
18
Let j be (-2)/(-3) - (-399)/9. Calculate the highest common divisor of 10 and j.
5
Let t be 17 - (3 + 0/(-2)). Calculate the greatest common factor of 14 and t.
14
Let b be (6 - 4)*(1 + 4). Let v be ((-5)/b)/(2/(-72)). What is the highest common factor of v and 54?
18
Let k be (-10)/((-3)/36 - 0). Suppose 0 = 2*o - 13 - 11. What is the highest common divisor of k and o?
12
Let u be 2758/210 + (-4)/30. Let s(j) = -3*j + 4. Let g be s(-3). What is the greatest common factor of u and g?
13
Let x(w) = -w**2 + 6*w + 6. Suppose n = -0*n + 8. Let l be x(n). Let h be (-156)/l + (-8)/(-20). Calculate the highest common factor of 80 and h.
16
Suppose 4*w - 134 = 174. Let b = 0 + 0. Let v be b + -1 + (4 - -4). Calculate the highest common factor of v and w.
7
Let q be 1 - (-1*522)/3. Let p be ((-4)/(-10))/(7/q). Calculate the greatest common divisor of 90 and p.
10
Suppose -5 + 0 = n - 2*l, 10 = 2*l. Let s = 10 - 5. Calculate the highest common factor of s and n.
5
Let p(o) = 8*o**2 + 5*o - 2. Let d be p(2). What is the greatest common factor of d and 50?
10
Let y(s) = -3*s**2 - s + 2. Let r be y(-2). Let q be r/3*6/(-4). Let v be 3/(-1)*10/(-15). Calculate the greatest common divisor of v and q.
2
Let k be ((-12)/(-9))/((-5)/(-210)). Calculate the highest common divisor of k and 8.
8
Let t = -24 + 35. Let r(v) = -v**2 + 13*v - 1. Let m be r(t). Let p(f) = -43*f**3 - 1. Let k be p(-1). Calculate the greatest common factor of k and m.
21
Suppose 3*j - 7*j + 20 = 0. Let v = j + 27. Calculate the highest common factor of v and 8.
8
Let w = -5 - -165. What is the greatest common divisor of w and 20?
20
Let c be (4 + 1)/((-2)/(-2)). Let l(k) = k - 1. Let u be l(-14). Let d = 17 + u. What is the greatest common divisor of c and d?
1
Let i be (-27)/(-1) - (-2 + 5). Suppose 2*h + 4 = 3*p, 3*p = 2*h - h + 8. Calculate the highest common divisor of i and p.
4
Let l be 5 + (-4 - -2) - -10. What is the greatest common divisor of l and 143?
13
Let g(w) = 2*w**2 + 7*w + 4. Let c be g(-5). Suppose 585 = 3*d + 5*j, d - 3*j = 2*d - 199. What is the highest common factor of d and c?
19
Suppose 4 + 0 = 3*z - 5*b, z + b = 4. Suppose -2*d + z*f + 21 = d, -d = 4*f - 22. What is the greatest common divisor of d and 70?
10
Let t be 512/5 - 6/15. Suppose g + 2*j + t = 0, 5*g + j + 498 = -3*j. Let d = -10 - g. Calculate the greatest common factor of d and 11.
11
Suppose r + 36 = 6*r + 2*v, 4*v = -r + 18. Let j(q) = q**3 - 7*q**2 + 7*q + 6. Let z be j(r). What is the highest common factor of 18 and z?
6
Suppose -4*q = -24 + 8. Calculate the highest common divisor of q and 8.
4
Suppose 3*u + 3*f = -0*u + 21, 3*u - 18 = -2*f. Let l = u + 2. Let j(v) = 2*v**2 - 3*v - 5. Let x be j(5). Calculate the highest common divisor of x and l.
6
Let x(p) = 3*p + 12 + p**2 + 13 + 2 - 2*p. Suppose 8 = 5*n + 4*b, n + 4*b - 8 = -0*b. Let u be x(n). What is the greatest common factor of u and 9?
9
Let d(p) = -p**3 - 3*p**2 + 7*p + 12. Let f be d(-5). What is the greatest common factor of 54 and f?
27
Let d = -4 - -11. Let k(n) = n - 3. Let l be k(d). Let y = 26 + -10. What is the greatest common factor of l and y?
4
Let d = -21 - -33. Let w(p) = 4*p**3 + p**2 - 4*p + 3. Let v be w(3). Calculate the greatest common divisor of v and d.
12
Let u(x) = x**2 - 5*x + 6. Let m be u(4). Suppose -5*r + 18 = -2*r. What is the highest common divisor of m and r?
2
Suppose -45 + 89 = 4*y. Calculate the highest common factor of 55 and y.
11
Suppose -5*r + 33 = u, 2*r + 6 = u - 2*r. Calculate the highest common factor of 45 and u.
9
Let l(r) = -2*r - 4. Let f be l(-4). Suppose 0 = -2*w + 2*t + 42, -2*t = -f*w - 4*t + 84. Calculate the greatest common factor of 14 and w.
7
Let n = 23 - 17. What is the greatest common factor of 6 and n?
6
Suppose 0*m = -3*m - 12. Let n = m - -6. Suppose 5*y = -a + 29, -n*y - 4*a + 2*a = -10. Calculate the greatest common divisor of y and 18.
6
Let y be -1*2/(-1)*1. Suppose -y*s + 11 - 3 = 0. Let p be ((-8)/5)/(s/(-40)). Calculate the highest common divisor of 24 and p.
8
Suppose -6*x = 2*x - 832. Suppose -160 = -5*c + 5*v, -3*c + x = -0*c - 5*v. Calculate the highest common factor of c and 28.
28
Let l = 16 - 15. Let s = l - -20. Suppose v + 126 = 3*v. What is the greatest common divisor of v and s?
21
Let x = -11 + 12. Let b be 28/(-10)*(x - 6). What is the greatest common factor of 98 and b?
14
Suppose -4*t = -n + 41, 5*t = -n + 5 - 0. What is the greatest common factor of 225 and n?
25
Suppose 0 = 3*f + 8 - 26. Suppose -j = -f - 66. Suppose -3*i - j = -5*i. What is the greatest common divisor of i and 9?
9
Suppose -2*i + 3*f + 26 = 0, 0 = -2*i - 2*f + 11 + 15. What is the greatest common divisor of 13 and i?
13
Suppose -1540 = 16*h - 23*h. Calculate the highes